{"id":15376,"date":"2025-12-15T11:42:35","date_gmt":"2025-12-15T11:42:35","guid":{"rendered":"https:\/\/ihsproject.org\/?page_id=15376"},"modified":"2025-12-15T11:44:14","modified_gmt":"2025-12-15T11:44:14","slug":"december-15-2025","status":"publish","type":"page","link":"https:\/\/ihsproject.org\/sr\/december-15-2025\/","title":{"rendered":"15 Decembar 2025"},"content":{"rendered":"<div data-elementor-type=\"wp-page\" data-elementor-id=\"15376\" class=\"elementor elementor-15376\">\n\t\t\t\t<div class=\"elementor-element elementor-element-21baf8b e-flex e-con-boxed e-con e-parent\" data-id=\"21baf8b\" data-element_type=\"container\" data-core-v316-plus=\"true\">\n\t\t\t\t\t<div class=\"e-con-inner\">\n\t\t\t\t<div class=\"elementor-element elementor-element-dfcf8e4 elementor-widget elementor-widget-image\" data-id=\"dfcf8e4\" data-element_type=\"widget\" data-widget_type=\"image.default\">\n\t\t\t\t<div class=\"elementor-widget-container\">\n\t\t\t\t\t\t\t\t\t\t\t\t\t<img fetchpriority=\"high\" decoding=\"async\" width=\"1600\" height=\"900\" src=\"https:\/\/ihsproject.org\/wp-content\/uploads\/2025\/12\/Strengthening-Fundraising-and-Strategic-Capacities-of-Patient-Organizations.jpg\" class=\"attachment-full size-full wp-image-15374\" alt=\"\" srcset=\"https:\/\/ihsproject.org\/wp-content\/uploads\/2025\/12\/Strengthening-Fundraising-and-Strategic-Capacities-of-Patient-Organizations.jpg 1600w, https:\/\/ihsproject.org\/wp-content\/uploads\/2025\/12\/Strengthening-Fundraising-and-Strategic-Capacities-of-Patient-Organizations-300x169.jpg 300w, https:\/\/ihsproject.org\/wp-content\/uploads\/2025\/12\/Strengthening-Fundraising-and-Strategic-Capacities-of-Patient-Organizations-1024x576.jpg 1024w, https:\/\/ihsproject.org\/wp-content\/uploads\/2025\/12\/Strengthening-Fundraising-and-Strategic-Capacities-of-Patient-Organizations-768x432.jpg 768w, https:\/\/ihsproject.org\/wp-content\/uploads\/2025\/12\/Strengthening-Fundraising-and-Strategic-Capacities-of-Patient-Organizations-1536x864.jpg 1536w, https:\/\/ihsproject.org\/wp-content\/uploads\/2025\/12\/Strengthening-Fundraising-and-Strategic-Capacities-of-Patient-Organizations-18x10.jpg 18w\" sizes=\"(max-width: 1600px) 100vw, 1600px\" \/>\t\t\t\t\t\t\t\t\t\t\t\t\t<\/div>\n\t\t\t\t<\/div>\n\t\t\t\t\t<\/div>\n\t\t\t\t<\/div>\n\t\t<div class=\"elementor-element elementor-element-fca241d e-flex e-con-boxed e-con e-parent\" data-id=\"fca241d\" data-element_type=\"container\" data-core-v316-plus=\"true\">\n\t\t\t\t\t<div class=\"e-con-inner\">\n\t\t\t\t<div class=\"elementor-element elementor-element-6532382 elementor-widget elementor-widget-heading\" data-id=\"6532382\" data-element_type=\"widget\" data-widget_type=\"heading.default\">\n\t\t\t\t<div class=\"elementor-widget-container\">\n\t\t\t<h2 class=\"elementor-heading-title elementor-size-default\">Ja\u010danje kapaciteta za prikupljanje sredstava i strate\u0161kih kapaciteta organizacija pacijenata<\/h2>\t\t<\/div>\n\t\t\t\t<\/div>\n\t\t\t\t<div class=\"elementor-element elementor-element-9d52ca4 elementor-widget elementor-widget-text-editor\" data-id=\"9d52ca4\" data-element_type=\"widget\" data-widget_type=\"text-editor.default\">\n\t\t\t\t<div class=\"elementor-widget-container\">\n\t\t\t\t\t\t\t<p style=\"font-weight: 400;\">Predstavnici organizacija pacijenata i saveta pacijenata iz celog Kosova okupili su se 10. i 11. decembra na dvodnevnoj radionici o prikupljanju sredstava i strate\u0161kom razvoju.<\/p><p style=\"font-weight: 400;\">Sesije su se fokusirale na teme kao \u0161to su rad na dugoro\u010dnoj odr\u017eivosti organizacija pacijenata, uzimaju\u0107i u obzir trenutno stanje finansiranja, organizacioni identitet, pripovedanje zasnovano na uticaju i strate\u0161ki modeli prikupljanja sredstava. U\u010desnici su tako\u0111e zapo\u010deli rad na dizajniranju 12-mese\u010dnih strategija finansiranja i razgovarali o na\u010dinima boljeg odgovora na potrebe zajednice, uz istovremeno unapre\u0111enje prava pacijenata.<\/p><p style=\"font-weight: 400;\">Kombinovanjem prakti\u010dnih alata s razmenom mi\u0161ljenja me\u0111u kolegama, radionica je imala za cilj podr\u017eati subjekte pacijenata u artikulisanju njihove vrednosti, diverzifikaciji izvora finansiranja i ja\u010danju njihove uloge kao bitnih aktera unutar zdravstvenog ekosistema Kosova.<\/p><p style=\"font-weight: 400;\">Aktivnost je nastavak podr\u0161ke IHS-a Udru\u017eenju za prava pacijenata Kosova (PRAK), budu\u0107i da su subjekti pacijenata koji u\u010destvuju \u010dlanovi mre\u017ee koju vodi PRAK i ostvaruju koristi od zajedni\u010dkih napora za izgradnju organizacionih kapaciteta.<\/p>\t\t\t\t\t\t<\/div>\n\t\t\t\t<\/div>\n\t\t\t\t\t<\/div>\n\t\t\t\t<\/div>\n\t\t\t\t<\/div>","protected":false},"excerpt":{"rendered":"<p>Strengthening Fundraising and Strategic Capacities of Patient Organizations Representatives of patient organizations and patient councils, from across Kosovo gathered on 10\u201311 December for a two-day Fundraising and Strategic Development Workshop. The sessions focused on topics such as working towards long-term sustainability of patient organizations considering the current funding landscape, organizational identity, impact-based storytelling, and strategic [&hellip;]<\/p>","protected":false},"author":1,"featured_media":0,"parent":0,"menu_order":0,"comment_status":"closed","ping_status":"closed","template":"","meta":[],"_links":{"self":[{"href":"https:\/\/ihsproject.org\/sr\/wp-json\/wp\/v2\/pages\/15376"}],"collection":[{"href":"https:\/\/ihsproject.org\/sr\/wp-json\/wp\/v2\/pages"}],"about":[{"href":"https:\/\/ihsproject.org\/sr\/wp-json\/wp\/v2\/types\/page"}],"author":[{"embeddable":true,"href":"https:\/\/ihsproject.org\/sr\/wp-json\/wp\/v2\/users\/1"}],"replies":[{"embeddable":true,"href":"https:\/\/ihsproject.org\/sr\/wp-json\/wp\/v2\/comments?post=15376"}],"version-history":[{"count":4,"href":"https:\/\/ihsproject.org\/sr\/wp-json\/wp\/v2\/pages\/15376\/revisions"}],"predecessor-version":[{"id":15381,"href":"https:\/\/ihsproject.org\/sr\/wp-json\/wp\/v2\/pages\/15376\/revisions\/15381"}],"wp:attachment":[{"href":"https:\/\/ihsproject.org\/sr\/wp-json\/wp\/v2\/media?parent=15376"}],"curies":[{"name":"wp","href":"https:\/\/api.w.org\/{rel}","templated":true}]}}

<div data-elementor-type="wp-page" data-elementor-id="15376" class="elementor elementor-15376">
				<div class="elementor-element elementor-element-21baf8b e-flex e-con-boxed e-con e-parent" data-id="21baf8b" data-element_type="container" data-core-v316-plus="true">
					<div class="e-con-inner">
				<div class="elementor-element elementor-element-dfcf8e4 elementor-widget elementor-widget-image" data-id="dfcf8e4" data-element_type="widget" data-widget_type="image.default">
				<div class="elementor-widget-container">
													<img fetchpriority="high" decoding="async" width="1600" height="900" src="https://ihsproject.org/wp-content/uploads/2025/12/Strengthening-Fundraising-and-Strategic-Capacities-of-Patient-Organizations.jpg" class="attachment-full size-full wp-image-15374" alt="" srcset="https://ihsproject.org/wp-content/uploads/2025/12/Strengthening-Fundraising-and-Strategic-Capacities-of-Patient-Organizations.jpg 1600w, https://ihsproject.org/wp-content/uploads/2025/12/Strengthening-Fundraising-and-Strategic-Capacities-of-Patient-Organizations-300x169.jpg 300w, https://ihsproject.org/wp-content/uploads/2025/12/Strengthening-Fundraising-and-Strategic-Capacities-of-Patient-Organizations-1024x576.jpg 1024w, https://ihsproject.org/wp-content/uploads/2025/12/Strengthening-Fundraising-and-Strategic-Capacities-of-Patient-Organizations-768x432.jpg 768w, https://ihsproject.org/wp-content/uploads/2025/12/Strengthening-Fundraising-and-Strategic-Capacities-of-Patient-Organizations-1536x864.jpg 1536w, https://ihsproject.org/wp-content/uploads/2025/12/Strengthening-Fundraising-and-Strategic-Capacities-of-Patient-Organizations-18x10.jpg 18w" sizes="(max-width: 1600px) 100vw, 1600px" />													</div>
				</div>
					</div>
				</div>
		<div class="elementor-element elementor-element-fca241d e-flex e-con-boxed e-con e-parent" data-id="fca241d" data-element_type="container" data-core-v316-plus="true">
					<div class="e-con-inner">
				<div class="elementor-element elementor-element-6532382 elementor-widget elementor-widget-heading" data-id="6532382" data-element_type="widget" data-widget_type="heading.default">
				<div class="elementor-widget-container">
			<h2 class="elementor-heading-title elementor-size-default">Jačanje kapaciteta za prikupljanje sredstava i strateških kapaciteta organizacija pacijenata</h2>		</div>
				</div>
				<div class="elementor-element elementor-element-9d52ca4 elementor-widget elementor-widget-text-editor" data-id="9d52ca4" data-element_type="widget" data-widget_type="text-editor.default">
				<div class="elementor-widget-container">
							<p style="font-weight: 400;">Predstavnici organizacija pacijenata i saveta pacijenata iz celog Kosova okupili su se 10. i 11. decembra na dvodnevnoj radionici o prikupljanju sredstava i strateškom razvoju.</p><p style="font-weight: 400;">Sesije su se fokusirale na teme kao što su rad na dugoročnoj održivosti organizacija pacijenata, uzimajući u obzir trenutno stanje finansiranja, organizacioni identitet, pripovedanje zasnovano na uticaju i strateški modeli prikupljanja sredstava. Učesnici su takođe započeli rad na dizajniranju 12-mesečnih strategija finansiranja i razgovarali o načinima boljeg odgovora na potrebe zajednice, uz istovremeno unapređenje prava pacijenata.</p><p style="font-weight: 400;">Kombinovanjem praktičnih alata s razmenom mišljenja među kolegama, radionica je imala za cilj podržati subjekte pacijenata u artikulisanju njihove vrednosti, diverzifikaciji izvora finansiranja i jačanju njihove uloge kao bitnih aktera unutar zdravstvenog ekosistema Kosova.</p><p style="font-weight: 400;">Aktivnost je nastavak podrške IHS-a Udruženju za prava pacijenata Kosova (PRAK), budući da su subjekti pacijenata koji učestvuju članovi mreže koju vodi PRAK i ostvaruju koristi od zajedničkih napora za izgradnju organizacionih kapaciteta.</p>						</div>
				</div>
					</div>
				</div>
				</div>
