{"id":14724,"date":"2025-05-28T16:28:26","date_gmt":"2025-05-28T16:28:26","guid":{"rendered":"https:\/\/ihsproject.org\/?page_id=14724"},"modified":"2025-05-28T16:29:38","modified_gmt":"2025-05-28T16:29:38","slug":"may-28-2025","status":"publish","type":"page","link":"https:\/\/ihsproject.org\/sr\/may-28-2025\/","title":{"rendered":"28 Maja, 2025"},"content":{"rendered":"<div data-elementor-type=\"wp-page\" data-elementor-id=\"14724\" class=\"elementor elementor-14724\">\n\t\t\t\t<div class=\"elementor-element elementor-element-f1d9205 e-flex e-con-boxed e-con e-parent\" data-id=\"f1d9205\" data-element_type=\"container\" data-core-v316-plus=\"true\">\n\t\t\t\t\t<div class=\"e-con-inner\">\n\t\t\t\t<div class=\"elementor-element elementor-element-a2ff2b8 elementor-widget elementor-widget-image\" data-id=\"a2ff2b8\" data-element_type=\"widget\" data-widget_type=\"image.default\">\n\t\t\t\t<div class=\"elementor-widget-container\">\n\t\t\t\t\t\t\t\t\t\t\t\t\t<img fetchpriority=\"high\" decoding=\"async\" width=\"1600\" height=\"900\" src=\"https:\/\/ihsproject.org\/wp-content\/uploads\/2025\/05\/Kosovo-Delegation-Highlights-Integrated-Care-Achievements-at-Lisbon-Conference.jpg\" class=\"attachment-full size-full wp-image-14722\" alt=\"\" srcset=\"https:\/\/ihsproject.org\/wp-content\/uploads\/2025\/05\/Kosovo-Delegation-Highlights-Integrated-Care-Achievements-at-Lisbon-Conference.jpg 1600w, https:\/\/ihsproject.org\/wp-content\/uploads\/2025\/05\/Kosovo-Delegation-Highlights-Integrated-Care-Achievements-at-Lisbon-Conference-300x169.jpg 300w, https:\/\/ihsproject.org\/wp-content\/uploads\/2025\/05\/Kosovo-Delegation-Highlights-Integrated-Care-Achievements-at-Lisbon-Conference-1024x576.jpg 1024w, https:\/\/ihsproject.org\/wp-content\/uploads\/2025\/05\/Kosovo-Delegation-Highlights-Integrated-Care-Achievements-at-Lisbon-Conference-768x432.jpg 768w, https:\/\/ihsproject.org\/wp-content\/uploads\/2025\/05\/Kosovo-Delegation-Highlights-Integrated-Care-Achievements-at-Lisbon-Conference-1536x864.jpg 1536w, https:\/\/ihsproject.org\/wp-content\/uploads\/2025\/05\/Kosovo-Delegation-Highlights-Integrated-Care-Achievements-at-Lisbon-Conference-18x10.jpg 18w\" sizes=\"(max-width: 1600px) 100vw, 1600px\" \/>\t\t\t\t\t\t\t\t\t\t\t\t\t<\/div>\n\t\t\t\t<\/div>\n\t\t\t\t\t<\/div>\n\t\t\t\t<\/div>\n\t\t<div class=\"elementor-element elementor-element-2cac5f4 e-flex e-con-boxed e-con e-parent\" data-id=\"2cac5f4\" data-element_type=\"container\" data-core-v316-plus=\"true\">\n\t\t\t\t\t<div class=\"e-con-inner\">\n\t\t\t\t<div class=\"elementor-element elementor-element-8f50a91 elementor-widget elementor-widget-heading\" data-id=\"8f50a91\" data-element_type=\"widget\" data-widget_type=\"heading.default\">\n\t\t\t\t<div class=\"elementor-widget-container\">\n\t\t\t<h2 class=\"elementor-heading-title elementor-size-default\">Delegacija Kosova istakla dostignu\u0107a u oblasti integrisane nege na konferenciji u Lisabonu<\/h2>\t\t<\/div>\n\t\t\t\t<\/div>\n\t\t\t\t<div class=\"elementor-element elementor-element-f5ca96a elementor-widget elementor-widget-text-editor\" data-id=\"f5ca96a\" data-element_type=\"widget\" data-widget_type=\"text-editor.default\">\n\t\t\t\t<div class=\"elementor-widget-container\">\n\t\t\t\t\t\t\t<p class=\"p1\">Multidisciplinarna delegacija zdravstvenih radnika sa Kosova u\u010destvovala je na Me\u0111unarodnoj konferenciji o integrisanoj nezi (ICIC25), odr\u017eanoj od 14. do 16. maja 2025. godine u Lisabonu, Portugal. Tim se pridru\u017eio globalnim liderima i stru\u010dnjacima u zdravstvu kako bi razmenili znanja, podelili iskustva i predstavili napredak Kosova u integrisanoj nezi.<\/p><p class=\"p1\">\u201eBilo je dovoljno prostora za debatu i diskusiju kako bi se bolje razumeli izazovi i mogu\u0107nosti vezani za integrisanu negu. Tako\u0111e je bilo vrlo va\u017eno \u0161to je konferencija imala me\u0161ovitu publiku, uklju\u010duju\u0107i donosioce odluka, menad\u017eere, lekare i analiti\u010dare. Imali smo priliku da podelimo razli\u010dite ideje i prakse, koje su vrlo va\u017ene za implementaciju u mestu gde radim\u201c, rekao je dr. Rexh\u00eb Panxhaj, jedan od \u010dlanova delegacije.<\/p><p class=\"p1\">Predstavljaju\u0107i institucije sa celog Kosova, kao i projekte Integrisane zdravstvene usluge (IHS) i Pristupa\u010dna i kvalitetna zdravstvena za\u0161tita (AQH), delegacija je doprinela me\u0111unarodnom dijalogu o koordinisanom pru\u017eanju zdravstvene za\u0161tite usmerenom na ljude.<\/p><p class=\"p1\">Dve klju\u010dne karakteristike u\u010de\u0161\u0107a delegacije bile su prezentacija AQH o integrisanoj nezi na Kosovu, koja se fokusirala na pilot iskustva iz op\u0161tina Kosovo Polje i Lipljan i prezentacija IHS projekta s ciljem deljenja izazova i dosada\u0161njih nau\u010denih lekcija na putu ka boljoj koordinaciji i integraciji nege izme\u0111u primarnog i sekundarnog nivoa zdravstvene za\u0161tite radi pobolj\u0161anja upravljanja i kontinuiteta nege.<\/p><p class=\"p1\">Ste\u010deni uvidi i uspostavljeni odnosi poslu\u017ei\u0107e kao vredna osnova za nastavak upravljanja nezaraznim bolestima \u0161irom zemlje.<\/p>\t\t\t\t\t\t<\/div>\n\t\t\t\t<\/div>\n\t\t\t\t\t<\/div>\n\t\t\t\t<\/div>\n\t\t\t\t<\/div>","protected":false},"excerpt":{"rendered":"<p>Kosovo Delegation Highlights Integrated Care Achievements at Lisbon Conference A multidisciplinary delegation of healthcare professionals from Kosovo participated in the International Conference on Integrated Care (ICIC25), held from May 14\u201316, 2025, in Lisbon, Portugal. The team joined global health leaders and experts to exchange knowledge, share experiences, and present Kosovo\u2019s advancements in integrated care. &#8220;There [&hellip;]<\/p>","protected":false},"author":1,"featured_media":0,"parent":0,"menu_order":0,"comment_status":"closed","ping_status":"closed","template":"","meta":[],"_links":{"self":[{"href":"https:\/\/ihsproject.org\/sr\/wp-json\/wp\/v2\/pages\/14724"}],"collection":[{"href":"https:\/\/ihsproject.org\/sr\/wp-json\/wp\/v2\/pages"}],"about":[{"href":"https:\/\/ihsproject.org\/sr\/wp-json\/wp\/v2\/types\/page"}],"author":[{"embeddable":true,"href":"https:\/\/ihsproject.org\/sr\/wp-json\/wp\/v2\/users\/1"}],"replies":[{"embeddable":true,"href":"https:\/\/ihsproject.org\/sr\/wp-json\/wp\/v2\/comments?post=14724"}],"version-history":[{"count":4,"href":"https:\/\/ihsproject.org\/sr\/wp-json\/wp\/v2\/pages\/14724\/revisions"}],"predecessor-version":[{"id":14729,"href":"https:\/\/ihsproject.org\/sr\/wp-json\/wp\/v2\/pages\/14724\/revisions\/14729"}],"wp:attachment":[{"href":"https:\/\/ihsproject.org\/sr\/wp-json\/wp\/v2\/media?parent=14724"}],"curies":[{"name":"wp","href":"https:\/\/api.w.org\/{rel}","templated":true}]}}

<div data-elementor-type="wp-page" data-elementor-id="14724" class="elementor elementor-14724">
				<div class="elementor-element elementor-element-f1d9205 e-flex e-con-boxed e-con e-parent" data-id="f1d9205" data-element_type="container" data-core-v316-plus="true">
					<div class="e-con-inner">
				<div class="elementor-element elementor-element-a2ff2b8 elementor-widget elementor-widget-image" data-id="a2ff2b8" data-element_type="widget" data-widget_type="image.default">
				<div class="elementor-widget-container">
													<img fetchpriority="high" decoding="async" width="1600" height="900" src="https://ihsproject.org/wp-content/uploads/2025/05/Kosovo-Delegation-Highlights-Integrated-Care-Achievements-at-Lisbon-Conference.jpg" class="attachment-full size-full wp-image-14722" alt="" srcset="https://ihsproject.org/wp-content/uploads/2025/05/Kosovo-Delegation-Highlights-Integrated-Care-Achievements-at-Lisbon-Conference.jpg 1600w, https://ihsproject.org/wp-content/uploads/2025/05/Kosovo-Delegation-Highlights-Integrated-Care-Achievements-at-Lisbon-Conference-300x169.jpg 300w, https://ihsproject.org/wp-content/uploads/2025/05/Kosovo-Delegation-Highlights-Integrated-Care-Achievements-at-Lisbon-Conference-1024x576.jpg 1024w, https://ihsproject.org/wp-content/uploads/2025/05/Kosovo-Delegation-Highlights-Integrated-Care-Achievements-at-Lisbon-Conference-768x432.jpg 768w, https://ihsproject.org/wp-content/uploads/2025/05/Kosovo-Delegation-Highlights-Integrated-Care-Achievements-at-Lisbon-Conference-1536x864.jpg 1536w, https://ihsproject.org/wp-content/uploads/2025/05/Kosovo-Delegation-Highlights-Integrated-Care-Achievements-at-Lisbon-Conference-18x10.jpg 18w" sizes="(max-width: 1600px) 100vw, 1600px" />													</div>
				</div>
					</div>
				</div>
		<div class="elementor-element elementor-element-2cac5f4 e-flex e-con-boxed e-con e-parent" data-id="2cac5f4" data-element_type="container" data-core-v316-plus="true">
					<div class="e-con-inner">
				<div class="elementor-element elementor-element-8f50a91 elementor-widget elementor-widget-heading" data-id="8f50a91" data-element_type="widget" data-widget_type="heading.default">
				<div class="elementor-widget-container">
			<h2 class="elementor-heading-title elementor-size-default">Delegacija Kosova istakla dostignuća u oblasti integrisane nege na konferenciji u Lisabonu</h2>		</div>
				</div>
				<div class="elementor-element elementor-element-f5ca96a elementor-widget elementor-widget-text-editor" data-id="f5ca96a" data-element_type="widget" data-widget_type="text-editor.default">
				<div class="elementor-widget-container">
							<p class="p1">Multidisciplinarna delegacija zdravstvenih radnika sa Kosova učestvovala je na Međunarodnoj konferenciji o integrisanoj nezi (ICIC25), održanoj od 14. do 16. maja 2025. godine u Lisabonu, Portugal. Tim se pridružio globalnim liderima i stručnjacima u zdravstvu kako bi razmenili znanja, podelili iskustva i predstavili napredak Kosova u integrisanoj nezi.</p><p class="p1">„Bilo je dovoljno prostora za debatu i diskusiju kako bi se bolje razumeli izazovi i mogućnosti vezani za integrisanu negu. Takođe je bilo vrlo važno što je konferencija imala mešovitu publiku, uključujući donosioce odluka, menadžere, lekare i analitičare. Imali smo priliku da podelimo različite ideje i prakse, koje su vrlo važne za implementaciju u mestu gde radim“, rekao je dr. Rexhë Panxhaj, jedan od članova delegacije.</p><p class="p1">Predstavljajući institucije sa celog Kosova, kao i projekte Integrisane zdravstvene usluge (IHS) i Pristupačna i kvalitetna zdravstvena zaštita (AQH), delegacija je doprinela međunarodnom dijalogu o koordinisanom pružanju zdravstvene zaštite usmerenom na ljude.</p><p class="p1">Dve ključne karakteristike učešća delegacije bile su prezentacija AQH o integrisanoj nezi na Kosovu, koja se fokusirala na pilot iskustva iz opština Kosovo Polje i Lipljan i prezentacija IHS projekta s ciljem deljenja izazova i dosadašnjih naučenih lekcija na putu ka boljoj koordinaciji i integraciji nege između primarnog i sekundarnog nivoa zdravstvene zaštite radi poboljšanja upravljanja i kontinuiteta nege.</p><p class="p1">Stečeni uvidi i uspostavljeni odnosi poslužiće kao vredna osnova za nastavak upravljanja nezaraznim bolestima širom zemlje.</p>						</div>
				</div>
					</div>
				</div>
				</div>
