{"id":14606,"date":"2025-04-04T10:03:36","date_gmt":"2025-04-04T10:03:36","guid":{"rendered":"https:\/\/ihsproject.org\/?page_id=14606"},"modified":"2025-04-04T10:05:08","modified_gmt":"2025-04-04T10:05:08","slug":"april-04-2025","status":"publish","type":"page","link":"https:\/\/ihsproject.org\/sr\/april-04-2025\/","title":{"rendered":"04 Aprila, 2025"},"content":{"rendered":"<div data-elementor-type=\"wp-page\" data-elementor-id=\"14606\" class=\"elementor elementor-14606\">\n\t\t\t\t<div class=\"elementor-element elementor-element-19b3820 e-flex e-con-boxed e-con e-parent\" data-id=\"19b3820\" data-element_type=\"container\" data-core-v316-plus=\"true\">\n\t\t\t\t\t<div class=\"e-con-inner\">\n\t\t\t\t<div class=\"elementor-element elementor-element-5c3d9aa elementor-widget elementor-widget-image\" data-id=\"5c3d9aa\" data-element_type=\"widget\" data-widget_type=\"image.default\">\n\t\t\t\t<div class=\"elementor-widget-container\">\n\t\t\t\t\t\t\t\t\t\t\t\t\t<img fetchpriority=\"high\" decoding=\"async\" width=\"1600\" height=\"900\" src=\"https:\/\/ihsproject.org\/wp-content\/uploads\/2025\/04\/Health-Communication-in-Focus-at-Two-Day-Training.jpg\" class=\"attachment-full size-full wp-image-14604\" alt=\"\" srcset=\"https:\/\/ihsproject.org\/wp-content\/uploads\/2025\/04\/Health-Communication-in-Focus-at-Two-Day-Training.jpg 1600w, https:\/\/ihsproject.org\/wp-content\/uploads\/2025\/04\/Health-Communication-in-Focus-at-Two-Day-Training-300x169.jpg 300w, https:\/\/ihsproject.org\/wp-content\/uploads\/2025\/04\/Health-Communication-in-Focus-at-Two-Day-Training-1024x576.jpg 1024w, https:\/\/ihsproject.org\/wp-content\/uploads\/2025\/04\/Health-Communication-in-Focus-at-Two-Day-Training-768x432.jpg 768w, https:\/\/ihsproject.org\/wp-content\/uploads\/2025\/04\/Health-Communication-in-Focus-at-Two-Day-Training-1536x864.jpg 1536w, https:\/\/ihsproject.org\/wp-content\/uploads\/2025\/04\/Health-Communication-in-Focus-at-Two-Day-Training-18x10.jpg 18w\" sizes=\"(max-width: 1600px) 100vw, 1600px\" \/>\t\t\t\t\t\t\t\t\t\t\t\t\t<\/div>\n\t\t\t\t<\/div>\n\t\t\t\t\t<\/div>\n\t\t\t\t<\/div>\n\t\t<div class=\"elementor-element elementor-element-4959c6f e-flex e-con-boxed e-con e-parent\" data-id=\"4959c6f\" data-element_type=\"container\" data-core-v316-plus=\"true\">\n\t\t\t\t\t<div class=\"e-con-inner\">\n\t\t\t\t<div class=\"elementor-element elementor-element-06a0332 elementor-widget elementor-widget-heading\" data-id=\"06a0332\" data-element_type=\"widget\" data-widget_type=\"heading.default\">\n\t\t\t\t<div class=\"elementor-widget-container\">\n\t\t\t<h2 class=\"elementor-heading-title elementor-size-default\">Zdravstvena komunikacija u fokusu dvodnevne obuke<\/h2>\t\t<\/div>\n\t\t\t\t<\/div>\n\t\t\t\t<div class=\"elementor-element elementor-element-400057d elementor-widget elementor-widget-text-editor\" data-id=\"400057d\" data-element_type=\"widget\" data-widget_type=\"text-editor.default\">\n\t\t\t\t<div class=\"elementor-widget-container\">\n\t\t\t\t\t\t\t<p style=\"font-weight: 400;\">Dvodnevna obuka odr\u017eana 3-4. aprila 2025. okupila je stru\u010dnjake za komunikaciju i predstavnike zdravstvenog sektora iz klju\u010dnih institucija \u0161irom Kosova da reflektuju evoluiraju\u0107e informativno okru\u017eenje i ponovo razmotre pristupe javnozdravstvenoj komunikaciji.<\/p><p style=\"font-weight: 400;\">Na sesijama su istra\u017eivane hitne teme kao \u0161to su borba protiv zdravstvenih dezinformacija, eti\u010dka upotreba ve\u0161ta\u010dke inteligencije u institucionalnoj razmeni poruka, izgradnja partnerstava sa uticajnim osobama izvan tradicionalnih medija i savladavanje tehnika pripovedanja koje stavljaju pacijente u centar. Kroz me\u0161avinu stru\u010dnih uvida i prakti\u010dnih ve\u017ebi, na obuci je nagla\u0161ena vitalna uloga komunikacije u osiguravanju da se zdravstvene informacije razumeju, da im se veruje i da se po njima postupa.<\/p><p style=\"font-weight: 400;\">U\u010desnici su bili predstavnici Ministarstva zdravlja, Nacionalnog instituta za javno zdravlje, Bolni\u010dke i univerzitetske klini\u010dke slu\u017ebe Kosova, op\u0161tih bolnica u Pe\u0107i i \u0110akovici, Fonda zdravstvenog osiguranja i Komore medicinskih sestara.<\/p>\t\t\t\t\t\t<\/div>\n\t\t\t\t<\/div>\n\t\t\t\t\t<\/div>\n\t\t\t\t<\/div>\n\t\t\t\t<\/div>","protected":false},"excerpt":{"rendered":"<p>Health Communication in Focus at Two-Day Training A two-day training held on 3\u20134 April 2025 gathered communication professionals and health sector representatives from key institutions across Kosovo to reflect on the evolving information landscape and rethink approaches to public health communication. The sessions explored pressing topics such as combating health misinformation, the ethical use of [&hellip;]<\/p>","protected":false},"author":1,"featured_media":0,"parent":0,"menu_order":0,"comment_status":"closed","ping_status":"closed","template":"","meta":[],"_links":{"self":[{"href":"https:\/\/ihsproject.org\/sr\/wp-json\/wp\/v2\/pages\/14606"}],"collection":[{"href":"https:\/\/ihsproject.org\/sr\/wp-json\/wp\/v2\/pages"}],"about":[{"href":"https:\/\/ihsproject.org\/sr\/wp-json\/wp\/v2\/types\/page"}],"author":[{"embeddable":true,"href":"https:\/\/ihsproject.org\/sr\/wp-json\/wp\/v2\/users\/1"}],"replies":[{"embeddable":true,"href":"https:\/\/ihsproject.org\/sr\/wp-json\/wp\/v2\/comments?post=14606"}],"version-history":[{"count":4,"href":"https:\/\/ihsproject.org\/sr\/wp-json\/wp\/v2\/pages\/14606\/revisions"}],"predecessor-version":[{"id":14611,"href":"https:\/\/ihsproject.org\/sr\/wp-json\/wp\/v2\/pages\/14606\/revisions\/14611"}],"wp:attachment":[{"href":"https:\/\/ihsproject.org\/sr\/wp-json\/wp\/v2\/media?parent=14606"}],"curies":[{"name":"wp","href":"https:\/\/api.w.org\/{rel}","templated":true}]}}

<div data-elementor-type="wp-page" data-elementor-id="14606" class="elementor elementor-14606">
				<div class="elementor-element elementor-element-19b3820 e-flex e-con-boxed e-con e-parent" data-id="19b3820" data-element_type="container" data-core-v316-plus="true">
					<div class="e-con-inner">
				<div class="elementor-element elementor-element-5c3d9aa elementor-widget elementor-widget-image" data-id="5c3d9aa" data-element_type="widget" data-widget_type="image.default">
				<div class="elementor-widget-container">
													<img fetchpriority="high" decoding="async" width="1600" height="900" src="https://ihsproject.org/wp-content/uploads/2025/04/Health-Communication-in-Focus-at-Two-Day-Training.jpg" class="attachment-full size-full wp-image-14604" alt="" srcset="https://ihsproject.org/wp-content/uploads/2025/04/Health-Communication-in-Focus-at-Two-Day-Training.jpg 1600w, https://ihsproject.org/wp-content/uploads/2025/04/Health-Communication-in-Focus-at-Two-Day-Training-300x169.jpg 300w, https://ihsproject.org/wp-content/uploads/2025/04/Health-Communication-in-Focus-at-Two-Day-Training-1024x576.jpg 1024w, https://ihsproject.org/wp-content/uploads/2025/04/Health-Communication-in-Focus-at-Two-Day-Training-768x432.jpg 768w, https://ihsproject.org/wp-content/uploads/2025/04/Health-Communication-in-Focus-at-Two-Day-Training-1536x864.jpg 1536w, https://ihsproject.org/wp-content/uploads/2025/04/Health-Communication-in-Focus-at-Two-Day-Training-18x10.jpg 18w" sizes="(max-width: 1600px) 100vw, 1600px" />													</div>
				</div>
					</div>
				</div>
		<div class="elementor-element elementor-element-4959c6f e-flex e-con-boxed e-con e-parent" data-id="4959c6f" data-element_type="container" data-core-v316-plus="true">
					<div class="e-con-inner">
				<div class="elementor-element elementor-element-06a0332 elementor-widget elementor-widget-heading" data-id="06a0332" data-element_type="widget" data-widget_type="heading.default">
				<div class="elementor-widget-container">
			<h2 class="elementor-heading-title elementor-size-default">Zdravstvena komunikacija u fokusu dvodnevne obuke</h2>		</div>
				</div>
				<div class="elementor-element elementor-element-400057d elementor-widget elementor-widget-text-editor" data-id="400057d" data-element_type="widget" data-widget_type="text-editor.default">
				<div class="elementor-widget-container">
							<p style="font-weight: 400;">Dvodnevna obuka održana 3-4. aprila 2025. okupila je stručnjake za komunikaciju i predstavnike zdravstvenog sektora iz ključnih institucija širom Kosova da reflektuju evoluirajuće informativno okruženje i ponovo razmotre pristupe javnozdravstvenoj komunikaciji.</p><p style="font-weight: 400;">Na sesijama su istraživane hitne teme kao što su borba protiv zdravstvenih dezinformacija, etička upotreba veštačke inteligencije u institucionalnoj razmeni poruka, izgradnja partnerstava sa uticajnim osobama izvan tradicionalnih medija i savladavanje tehnika pripovedanja koje stavljaju pacijente u centar. Kroz mešavinu stručnih uvida i praktičnih vežbi, na obuci je naglašena vitalna uloga komunikacije u osiguravanju da se zdravstvene informacije razumeju, da im se veruje i da se po njima postupa.</p><p style="font-weight: 400;">Učesnici su bili predstavnici Ministarstva zdravlja, Nacionalnog instituta za javno zdravlje, Bolničke i univerzitetske kliničke službe Kosova, opštih bolnica u Peći i Đakovici, Fonda zdravstvenog osiguranja i Komore medicinskih sestara.</p>						</div>
				</div>
					</div>
				</div>
				</div>
