{"id":14553,"date":"2025-03-25T12:18:53","date_gmt":"2025-03-25T12:18:53","guid":{"rendered":"https:\/\/ihsproject.org\/?page_id=14553"},"modified":"2025-03-25T12:20:16","modified_gmt":"2025-03-25T12:20:16","slug":"march-25-2025","status":"publish","type":"page","link":"https:\/\/ihsproject.org\/sr\/march-25-2025\/","title":{"rendered":"25 Mart 2025"},"content":{"rendered":"<div data-elementor-type=\"wp-page\" data-elementor-id=\"14553\" class=\"elementor elementor-14553\">\n\t\t\t\t<div class=\"elementor-element elementor-element-9586447 e-flex e-con-boxed e-con e-parent\" data-id=\"9586447\" data-element_type=\"container\" data-core-v316-plus=\"true\">\n\t\t\t\t\t<div class=\"e-con-inner\">\n\t\t\t\t<div class=\"elementor-element elementor-element-45da7f4 elementor-widget elementor-widget-image\" data-id=\"45da7f4\" data-element_type=\"widget\" data-widget_type=\"image.default\">\n\t\t\t\t<div class=\"elementor-widget-container\">\n\t\t\t\t\t\t\t\t\t\t\t\t\t<img fetchpriority=\"high\" decoding=\"async\" width=\"1600\" height=\"900\" src=\"https:\/\/ihsproject.org\/wp-content\/uploads\/2025\/03\/Working-Group-on-Diabetes-and-Hypertension-Self-Management-Action-Plan-Kicks-Off-.jpg\" class=\"attachment-full size-full wp-image-14551\" alt=\"\" srcset=\"https:\/\/ihsproject.org\/wp-content\/uploads\/2025\/03\/Working-Group-on-Diabetes-and-Hypertension-Self-Management-Action-Plan-Kicks-Off-.jpg 1600w, https:\/\/ihsproject.org\/wp-content\/uploads\/2025\/03\/Working-Group-on-Diabetes-and-Hypertension-Self-Management-Action-Plan-Kicks-Off--300x169.jpg 300w, https:\/\/ihsproject.org\/wp-content\/uploads\/2025\/03\/Working-Group-on-Diabetes-and-Hypertension-Self-Management-Action-Plan-Kicks-Off--1024x576.jpg 1024w, https:\/\/ihsproject.org\/wp-content\/uploads\/2025\/03\/Working-Group-on-Diabetes-and-Hypertension-Self-Management-Action-Plan-Kicks-Off--768x432.jpg 768w, https:\/\/ihsproject.org\/wp-content\/uploads\/2025\/03\/Working-Group-on-Diabetes-and-Hypertension-Self-Management-Action-Plan-Kicks-Off--1536x864.jpg 1536w, https:\/\/ihsproject.org\/wp-content\/uploads\/2025\/03\/Working-Group-on-Diabetes-and-Hypertension-Self-Management-Action-Plan-Kicks-Off--18x10.jpg 18w\" sizes=\"(max-width: 1600px) 100vw, 1600px\" \/>\t\t\t\t\t\t\t\t\t\t\t\t\t<\/div>\n\t\t\t\t<\/div>\n\t\t\t\t\t<\/div>\n\t\t\t\t<\/div>\n\t\t<div class=\"elementor-element elementor-element-919764e e-flex e-con-boxed e-con e-parent\" data-id=\"919764e\" data-element_type=\"container\" data-core-v316-plus=\"true\">\n\t\t\t\t\t<div class=\"e-con-inner\">\n\t\t\t\t<div class=\"elementor-element elementor-element-4176c2e elementor-widget elementor-widget-heading\" data-id=\"4176c2e\" data-element_type=\"widget\" data-widget_type=\"heading.default\">\n\t\t\t\t<div class=\"elementor-widget-container\">\n\t\t\t<h2 class=\"elementor-heading-title elementor-size-default\">Po\u010dinje radna grupa za akcioni plan za samokontrolu dijabetesa i hipertenzije <\/h2>\t\t<\/div>\n\t\t\t\t<\/div>\n\t\t\t\t<div class=\"elementor-element elementor-element-a4a3619 elementor-widget elementor-widget-text-editor\" data-id=\"a4a3619\" data-element_type=\"widget\" data-widget_type=\"text-editor.default\">\n\t\t\t\t<div class=\"elementor-widget-container\">\n\t\t\t\t\t\t\t<p>Projekat Integrisane zdravstvene usluge (IHS) bio je 21. marta doma\u0107in prvog sastanka Radne grupe Ministarstva zdravlja zadu\u017eene za izradu Akcionog plana za samoupravljanje pacijentima sa dijabetesom i hipertenzijom za period 2025\u20132026.<\/p><p>Na sastanku, kojim je predsedavao Niman Bardhi iz Ministarstva zdravlja, okupile su se klju\u010dne zainteresovane strane, uklju\u010duju\u0107i predstavnike Kosovskog udru\u017eenja porodi\u010dne medicine, predstavnike op\u0161tih bolnica i glavnih centara porodi\u010dne medicine u Pe\u0107i i \u0110akovici, Udru\u017eenja pacijenata sa dijabetesom u Pe\u0107i, Udru\u017eenja za prava pacijenata Kosova i IHS i AQH projekata.<\/p><p>Klju\u010dni deo sastanka bila je prezentacija Global CT tima o  mobilnoj aplikaciji za samoupravljanje koja je trenutno u razvoju. Tim je podelio a\u017euriranja o karakteristikama aplikacije i fazi implementacije.<\/p><p>Radna grupa \u0107e nastaviti sa svojim naporima u aprilu, sa planiranim naknadnim sastancima kako bi se oblikovala kona\u010dna verzija akcionog plana.<\/p>\t\t\t\t\t\t<\/div>\n\t\t\t\t<\/div>\n\t\t\t\t\t<\/div>\n\t\t\t\t<\/div>\n\t\t\t\t<\/div>","protected":false},"excerpt":{"rendered":"<p>Working Group on Diabetes and Hypertension Self-Management Action Plan Kicks Off On March 21, the Integrated Health Services (IHS) hosted the first Ministry of Health-led Working Group meeting tasked with drafting the 2025\u20132026 Action Plan for the Self-Management of Patients with Diabetes and Hypertension. Chaired by Niman Bardhi from the Ministry of Health, the meeting [&hellip;]<\/p>","protected":false},"author":1,"featured_media":0,"parent":0,"menu_order":0,"comment_status":"closed","ping_status":"closed","template":"","meta":[],"_links":{"self":[{"href":"https:\/\/ihsproject.org\/sr\/wp-json\/wp\/v2\/pages\/14553"}],"collection":[{"href":"https:\/\/ihsproject.org\/sr\/wp-json\/wp\/v2\/pages"}],"about":[{"href":"https:\/\/ihsproject.org\/sr\/wp-json\/wp\/v2\/types\/page"}],"author":[{"embeddable":true,"href":"https:\/\/ihsproject.org\/sr\/wp-json\/wp\/v2\/users\/1"}],"replies":[{"embeddable":true,"href":"https:\/\/ihsproject.org\/sr\/wp-json\/wp\/v2\/comments?post=14553"}],"version-history":[{"count":4,"href":"https:\/\/ihsproject.org\/sr\/wp-json\/wp\/v2\/pages\/14553\/revisions"}],"predecessor-version":[{"id":14558,"href":"https:\/\/ihsproject.org\/sr\/wp-json\/wp\/v2\/pages\/14553\/revisions\/14558"}],"wp:attachment":[{"href":"https:\/\/ihsproject.org\/sr\/wp-json\/wp\/v2\/media?parent=14553"}],"curies":[{"name":"wp","href":"https:\/\/api.w.org\/{rel}","templated":true}]}}

<div data-elementor-type="wp-page" data-elementor-id="14553" class="elementor elementor-14553">
				<div class="elementor-element elementor-element-9586447 e-flex e-con-boxed e-con e-parent" data-id="9586447" data-element_type="container" data-core-v316-plus="true">
					<div class="e-con-inner">
				<div class="elementor-element elementor-element-45da7f4 elementor-widget elementor-widget-image" data-id="45da7f4" data-element_type="widget" data-widget_type="image.default">
				<div class="elementor-widget-container">
													<img fetchpriority="high" decoding="async" width="1600" height="900" src="https://ihsproject.org/wp-content/uploads/2025/03/Working-Group-on-Diabetes-and-Hypertension-Self-Management-Action-Plan-Kicks-Off-.jpg" class="attachment-full size-full wp-image-14551" alt="" srcset="https://ihsproject.org/wp-content/uploads/2025/03/Working-Group-on-Diabetes-and-Hypertension-Self-Management-Action-Plan-Kicks-Off-.jpg 1600w, https://ihsproject.org/wp-content/uploads/2025/03/Working-Group-on-Diabetes-and-Hypertension-Self-Management-Action-Plan-Kicks-Off--300x169.jpg 300w, https://ihsproject.org/wp-content/uploads/2025/03/Working-Group-on-Diabetes-and-Hypertension-Self-Management-Action-Plan-Kicks-Off--1024x576.jpg 1024w, https://ihsproject.org/wp-content/uploads/2025/03/Working-Group-on-Diabetes-and-Hypertension-Self-Management-Action-Plan-Kicks-Off--768x432.jpg 768w, https://ihsproject.org/wp-content/uploads/2025/03/Working-Group-on-Diabetes-and-Hypertension-Self-Management-Action-Plan-Kicks-Off--1536x864.jpg 1536w, https://ihsproject.org/wp-content/uploads/2025/03/Working-Group-on-Diabetes-and-Hypertension-Self-Management-Action-Plan-Kicks-Off--18x10.jpg 18w" sizes="(max-width: 1600px) 100vw, 1600px" />													</div>
				</div>
					</div>
				</div>
		<div class="elementor-element elementor-element-919764e e-flex e-con-boxed e-con e-parent" data-id="919764e" data-element_type="container" data-core-v316-plus="true">
					<div class="e-con-inner">
				<div class="elementor-element elementor-element-4176c2e elementor-widget elementor-widget-heading" data-id="4176c2e" data-element_type="widget" data-widget_type="heading.default">
				<div class="elementor-widget-container">
			<h2 class="elementor-heading-title elementor-size-default">Počinje radna grupa za akcioni plan za samokontrolu dijabetesa i hipertenzije </h2>		</div>
				</div>
				<div class="elementor-element elementor-element-a4a3619 elementor-widget elementor-widget-text-editor" data-id="a4a3619" data-element_type="widget" data-widget_type="text-editor.default">
				<div class="elementor-widget-container">
							<p>Projekat Integrisane zdravstvene usluge (IHS) bio je 21. marta domaćin prvog sastanka Radne grupe Ministarstva zdravlja zadužene za izradu Akcionog plana za samoupravljanje pacijentima sa dijabetesom i hipertenzijom za period 2025–2026.</p><p>Na sastanku, kojim je predsedavao Niman Bardhi iz Ministarstva zdravlja, okupile su se ključne zainteresovane strane, uključujući predstavnike Kosovskog udruženja porodične medicine, predstavnike opštih bolnica i glavnih centara porodične medicine u Peći i Đakovici, Udruženja pacijenata sa dijabetesom u Peći, Udruženja za prava pacijenata Kosova i IHS i AQH projekata.</p><p>Ključni deo sastanka bila je prezentacija Global CT tima o  mobilnoj aplikaciji za samoupravljanje koja je trenutno u razvoju. Tim je podelio ažuriranja o karakteristikama aplikacije i fazi implementacije.</p><p>Radna grupa će nastaviti sa svojim naporima u aprilu, sa planiranim naknadnim sastancima kako bi se oblikovala konačna verzija akcionog plana.</p>						</div>
				</div>
					</div>
				</div>
				</div>
