{"id":12335,"date":"2023-07-21T18:25:19","date_gmt":"2023-07-21T18:25:19","guid":{"rendered":"https:\/\/ihsproject.org\/?page_id=12335"},"modified":"2023-07-21T18:31:18","modified_gmt":"2023-07-21T18:31:18","slug":"july-21-2023","status":"publish","type":"page","link":"https:\/\/ihsproject.org\/sr\/july-21-2023\/","title":{"rendered":"21 Jul 2023"},"content":{"rendered":"<div data-elementor-type=\"wp-page\" data-elementor-id=\"12335\" class=\"elementor elementor-12335\">\n\t\t\t\t<div class=\"elementor-element elementor-element-f36bb0b e-flex e-con-boxed e-con e-parent\" data-id=\"f36bb0b\" data-element_type=\"container\" data-core-v316-plus=\"true\">\n\t\t\t\t\t<div class=\"e-con-inner\">\n\t\t\t\t<div class=\"elementor-element elementor-element-4c1ca07 elementor-widget elementor-widget-image\" data-id=\"4c1ca07\" data-element_type=\"widget\" data-widget_type=\"image.default\">\n\t\t\t\t<div class=\"elementor-widget-container\">\n\t\t\t\t\t\t\t\t\t\t\t\t\t<img fetchpriority=\"high\" decoding=\"async\" width=\"1600\" height=\"1200\" src=\"https:\/\/ihsproject.org\/wp-content\/uploads\/2023\/07\/First-Meeting-of-the-Working-Group-on-Health-Education-and-Promotion.jpg\" class=\"attachment-full size-full wp-image-12339\" alt=\"\" srcset=\"https:\/\/ihsproject.org\/wp-content\/uploads\/2023\/07\/First-Meeting-of-the-Working-Group-on-Health-Education-and-Promotion.jpg 1600w, https:\/\/ihsproject.org\/wp-content\/uploads\/2023\/07\/First-Meeting-of-the-Working-Group-on-Health-Education-and-Promotion-300x225.jpg 300w, https:\/\/ihsproject.org\/wp-content\/uploads\/2023\/07\/First-Meeting-of-the-Working-Group-on-Health-Education-and-Promotion-1024x768.jpg 1024w, https:\/\/ihsproject.org\/wp-content\/uploads\/2023\/07\/First-Meeting-of-the-Working-Group-on-Health-Education-and-Promotion-768x576.jpg 768w, https:\/\/ihsproject.org\/wp-content\/uploads\/2023\/07\/First-Meeting-of-the-Working-Group-on-Health-Education-and-Promotion-1536x1152.jpg 1536w, https:\/\/ihsproject.org\/wp-content\/uploads\/2023\/07\/First-Meeting-of-the-Working-Group-on-Health-Education-and-Promotion-16x12.jpg 16w\" sizes=\"(max-width: 1600px) 100vw, 1600px\" \/>\t\t\t\t\t\t\t\t\t\t\t\t\t<\/div>\n\t\t\t\t<\/div>\n\t\t\t\t\t<\/div>\n\t\t\t\t<\/div>\n\t\t<div class=\"elementor-element elementor-element-a46ce12 e-flex e-con-boxed e-con e-parent\" data-id=\"a46ce12\" data-element_type=\"container\" data-core-v316-plus=\"true\">\n\t\t\t\t\t<div class=\"e-con-inner\">\n\t\t\t\t<div class=\"elementor-element elementor-element-3339fe6 elementor-widget elementor-widget-heading\" data-id=\"3339fe6\" data-element_type=\"widget\" data-widget_type=\"heading.default\">\n\t\t\t\t<div class=\"elementor-widget-container\">\n\t\t\t<h2 class=\"elementor-heading-title elementor-size-default\">Sastanak Radne grupe za izradu Akcionog plana za zdravstvenu edukaciju i promociju<\/h2>\t\t<\/div>\n\t\t\t\t<\/div>\n\t\t\t\t<div class=\"elementor-element elementor-element-a13ca24 elementor-widget elementor-widget-text-editor\" data-id=\"a13ca24\" data-element_type=\"widget\" data-widget_type=\"text-editor.default\">\n\t\t\t\t<div class=\"elementor-widget-container\">\n\t\t\t\t\t\t\t<p>Ove sedmice, akteri su se sastali na konstitutivnom sastanku Radne grupe koja radi na izradi akcionog plana za razvoj zdravstvene promocije i edukacije, uklju\u010duju\u0107i i nezarazne bolesti na bolni\u010dkom nivou. Ovaj rad je u skladu sa Nacionalnim planom o zdravstvenoj promociji i edukaciji.<\/p><p>Radnom grupom predsedava prof. Merita Berisha iz Nacionalnog instituta za javno zdravlje i \u010dine je predstavnici op\u0161tih bolnica i nivoa primarne zdravstvene za\u0161tite iz Pe\u0107i i \u0110akovice, Ministarstva zdravlja i projekata Integrisane usluge zdravstvene za\u0161tite i Pristupa\u010dna i kvalitetna zdravstvena za\u0161tita \u0160vajcarske razvojne agencije za saradnju na Kosovu.<\/p><p>Aktivnosti projekta Integrisane usluge zdravstvene za\u0161tite oko zdravstvene promocije i edukacije usmerene su na promociju zdravih stilova \u017eivota i prevenciju i kontrolu hroni\u010dnih stanja, u skladu sa nacionalnom strategijom zdravstvenog sektora koja se primenjuje u celom zdravstvenom sistemu.<\/p>\t\t\t\t\t\t<\/div>\n\t\t\t\t<\/div>\n\t\t\t\t\t<\/div>\n\t\t\t\t<\/div>\n\t\t\t\t<\/div>","protected":false},"excerpt":{"rendered":"<p>First Meeting of the Working Group on Health Education and Promotion This week, stakeholders met for the constitutive meeting of the Working Group that works on drafting the action plan to develop health promotion and education, including for non-communicable diseases at hospital level. This work is in alignment with the National Plan on Health Promotion [&hellip;]<\/p>","protected":false},"author":1,"featured_media":0,"parent":0,"menu_order":0,"comment_status":"closed","ping_status":"closed","template":"","meta":[],"_links":{"self":[{"href":"https:\/\/ihsproject.org\/sr\/wp-json\/wp\/v2\/pages\/12335"}],"collection":[{"href":"https:\/\/ihsproject.org\/sr\/wp-json\/wp\/v2\/pages"}],"about":[{"href":"https:\/\/ihsproject.org\/sr\/wp-json\/wp\/v2\/types\/page"}],"author":[{"embeddable":true,"href":"https:\/\/ihsproject.org\/sr\/wp-json\/wp\/v2\/users\/1"}],"replies":[{"embeddable":true,"href":"https:\/\/ihsproject.org\/sr\/wp-json\/wp\/v2\/comments?post=12335"}],"version-history":[{"count":5,"href":"https:\/\/ihsproject.org\/sr\/wp-json\/wp\/v2\/pages\/12335\/revisions"}],"predecessor-version":[{"id":12344,"href":"https:\/\/ihsproject.org\/sr\/wp-json\/wp\/v2\/pages\/12335\/revisions\/12344"}],"wp:attachment":[{"href":"https:\/\/ihsproject.org\/sr\/wp-json\/wp\/v2\/media?parent=12335"}],"curies":[{"name":"wp","href":"https:\/\/api.w.org\/{rel}","templated":true}]}}

<div data-elementor-type="wp-page" data-elementor-id="12335" class="elementor elementor-12335">
				<div class="elementor-element elementor-element-f36bb0b e-flex e-con-boxed e-con e-parent" data-id="f36bb0b" data-element_type="container" data-core-v316-plus="true">
					<div class="e-con-inner">
				<div class="elementor-element elementor-element-4c1ca07 elementor-widget elementor-widget-image" data-id="4c1ca07" data-element_type="widget" data-widget_type="image.default">
				<div class="elementor-widget-container">
													<img fetchpriority="high" decoding="async" width="1600" height="1200" src="https://ihsproject.org/wp-content/uploads/2023/07/First-Meeting-of-the-Working-Group-on-Health-Education-and-Promotion.jpg" class="attachment-full size-full wp-image-12339" alt="" srcset="https://ihsproject.org/wp-content/uploads/2023/07/First-Meeting-of-the-Working-Group-on-Health-Education-and-Promotion.jpg 1600w, https://ihsproject.org/wp-content/uploads/2023/07/First-Meeting-of-the-Working-Group-on-Health-Education-and-Promotion-300x225.jpg 300w, https://ihsproject.org/wp-content/uploads/2023/07/First-Meeting-of-the-Working-Group-on-Health-Education-and-Promotion-1024x768.jpg 1024w, https://ihsproject.org/wp-content/uploads/2023/07/First-Meeting-of-the-Working-Group-on-Health-Education-and-Promotion-768x576.jpg 768w, https://ihsproject.org/wp-content/uploads/2023/07/First-Meeting-of-the-Working-Group-on-Health-Education-and-Promotion-1536x1152.jpg 1536w, https://ihsproject.org/wp-content/uploads/2023/07/First-Meeting-of-the-Working-Group-on-Health-Education-and-Promotion-16x12.jpg 16w" sizes="(max-width: 1600px) 100vw, 1600px" />													</div>
				</div>
					</div>
				</div>
		<div class="elementor-element elementor-element-a46ce12 e-flex e-con-boxed e-con e-parent" data-id="a46ce12" data-element_type="container" data-core-v316-plus="true">
					<div class="e-con-inner">
				<div class="elementor-element elementor-element-3339fe6 elementor-widget elementor-widget-heading" data-id="3339fe6" data-element_type="widget" data-widget_type="heading.default">
				<div class="elementor-widget-container">
			<h2 class="elementor-heading-title elementor-size-default">Sastanak Radne grupe za izradu Akcionog plana za zdravstvenu edukaciju i promociju</h2>		</div>
				</div>
				<div class="elementor-element elementor-element-a13ca24 elementor-widget elementor-widget-text-editor" data-id="a13ca24" data-element_type="widget" data-widget_type="text-editor.default">
				<div class="elementor-widget-container">
							<p>Ove sedmice, akteri su se sastali na konstitutivnom sastanku Radne grupe koja radi na izradi akcionog plana za razvoj zdravstvene promocije i edukacije, uključujući i nezarazne bolesti na bolničkom nivou. Ovaj rad je u skladu sa Nacionalnim planom o zdravstvenoj promociji i edukaciji.</p><p>Radnom grupom predsedava prof. Merita Berisha iz Nacionalnog instituta za javno zdravlje i čine je predstavnici opštih bolnica i nivoa primarne zdravstvene zaštite iz Peći i Đakovice, Ministarstva zdravlja i projekata Integrisane usluge zdravstvene zaštite i Pristupačna i kvalitetna zdravstvena zaštita Švajcarske razvojne agencije za saradnju na Kosovu.</p><p>Aktivnosti projekta Integrisane usluge zdravstvene zaštite oko zdravstvene promocije i edukacije usmerene su na promociju zdravih stilova života i prevenciju i kontrolu hroničnih stanja, u skladu sa nacionalnom strategijom zdravstvenog sektora koja se primenjuje u celom zdravstvenom sistemu.</p>						</div>
				</div>
					</div>
				</div>
				</div>
